rs of s(-4)?
3
Let d(w) = -338*w + 4. What are the prime factors of d(-2)?
2, 5, 17
Let r = -17 - -45. Let n = r + -4. Suppose n*d - 22*d = 56. What are the prime factors of d?
2, 7
Let n be 14*1/(-6)*-3. Suppose -v + 5*r = -n - 57, -116 = -2*v + 4*r. Suppose -o + 3*i - 5 = -2*o, -4*i = -3*o + v. What are the prime factors of o?
2, 7
Let r(m) = -5*m - 2. Let a be r(-10). Let q = -11 + a. Suppose 0 = -c - 0*c + q. What are the prime factors of c?
37
Suppose 2*a = 150 - 62. What are the prime factors of a?
2, 11
Suppose 3*u = -8 - 1, 0 = -2*n - 5*u - 71. Let d = n + 4. What are the prime factors of (50/20)/((-10)/d)?
2, 3
Let w(z) = 35*z**2 + 13*z + 4. What are the prime factors of w(3)?
2, 179
Suppose -4*h = -5*b + 750, 7 = 4*h + 27. Let i = -46 + b. What are the prime factors of i?
2, 5
Let q be 1/(2 - (-18)/(-10)). Suppose -9*a = -q*a. Suppose -d + 6*d - 65 = a. List the prime factors of d.
13
Let m = -107 + 124. Suppose -172 = m*a - 21*a. What are the prime factors of a?
43
Suppose -4*x + 2*h + 1418 = -0*h, -2*x - 5*h + 715 = 0. What are the prime factors of x?
5, 71
What are the prime factors of (84344/(-156))/(2 - (-19)/(-9))?
2, 3, 811
Let i be (-16 - -1)/((15/38)/(-5)). Let g = -114 + i. What are the prime factors of g?
2, 19
Let o = 52 - 49. Suppose -4*d - o*z + 188 = -115, -3*d - 3*z + 231 = 0. List the prime factors of d.
2, 3
Let h(n) = n**3 + 15*n**2 + 21*n + 15. List the prime factors of h(-11).
2, 67
Let k(x) = 2*x**2 - 30*x - 23. List the prime factors of k(19).
3, 43
Let h(v) = -11*v + 41. Let t be h(-22). Let c = 444 - t. What are the prime factors of c?
7, 23
Suppose -5*g + 1018 = t, 0*g - g + t + 206 = 0. List the prime factors of g.
2, 3, 17
Let u(w) = w**3 - 4*w**2 - 3*w - 4. Let j be u(6). Suppose -184 = -2*r - j. List the prime factors of r.
67
Let g(w) = 11*w**2 + 2*w - w**3 + 11*w - 7 - 9. Let m be g(12). Let p = m - -11. What are the prime factors of p?
7
List the prime factors of (40/28)/5 - 13800/(-210).
2, 3, 11
Let v(x) = -2*x - 33. Let n be v(-14). What are the prime factors of (-1104)/(-20) + -2*2/n?
2, 7
Let v = 25 + -25. Let r(k) = 3*k + 3. What are the prime factors of r(v)?
3
Let o = -33 - -111. Let z = o - 22. What are the prime factors of z?
2, 7
Suppose -23*t = 26*t - 29253. What are the prime factors of t?
3, 199
Let b(d) = -2*d**3 + 69*d**2 - 11*d - 80. List the prime factors of b(34).
2, 3, 13
What are the prime factors of -12 + 132 + -1*(-6 + 1)?
5
Suppose -5*p + d = -p - 1803, 4*p + 5*d - 1785 = 0. Suppose 0*k - 2*k + p = 0. Suppose 3*s = -2*s + k. List the prime factors of s.
3, 5
Let z(q) = -q**3 + 2*q**2 + 3*q + 1. Let o be z(3). Let r(g) = 33*g**3 + g**2. Let n be r(o). Suppose 2 = -p + n. What are the prime factors of p?
2
Suppose -3*k + 1762 = -4691. What are the prime factors of k?
3, 239
Suppose -4*c + 6338 = -2*k, 3*c - 5*k = -9*k + 4748. What are the prime factors of c?
2, 3, 11
Suppose 3*v + 2*g = 9095, 3*v - 235*g = -236*g + 9094. What are the prime factors of v?
7, 433
Let q(z) = 15*z**2 + 10*z. Let g be q(-7). Suppose 4*n - g + 141 = 0. List the prime factors of n.
131
Suppose 2*b + 3 - 9 = 0. Let w(j) = 9*j - 5. List the prime factors of w(b).
2, 11
Let q(u) = 8*u**2 + 7*u + 7. What are the prime factors of q(8)?
5, 23
Let n(b) be the third derivative of -31*b**4/24 + 13*b**3/6 - 12*b**2. What are the prime factors of n(-2)?
3, 5
Let t = -596 - -1088. List the prime factors of t.
2, 3, 41
Suppose 3*x - 4*q + 4 = -2, 3*q - 1 = 4*x. List the prime factors of 13 - (-2)/(x + -4).
2, 3
Suppose -22*h + 5104 + 3520 = 0. List the prime factors of h.
2, 7
Suppose -25 = -6*g + g. Suppose 12 = 3*r - 3*o, 2*r - 2*o + 7 = -g*o. What are the prime factors of 12/(-3 - r) - -14?
11
Let s(f) = -67*f - 83. List the prime factors of s(-20).
3, 419
Suppose 0 = -2*b, k - 2*b + 0 - 2 = 0. Suppose -2*l + 3 = 5*j, 0*l = k*l + 4*j - 8. List the prime factors of l.
2, 7
Suppose m - 6 = -4*r + 15, 4*m = 2*r + 12. Let i(l) = -l**3 + 5*l**2 + 1. Let d be i(m). What are the prime factors of (7 - 8) + 40*d?
3, 13
Let f = 4039 + -2417. What are the prime factors of f?
2, 811
Let g be 0 - (-14)/6 - 7/21. Suppose 4*s - 208 = -2*h, g*s + 3*s = 3*h + 238. List the prime factors of s.
2, 5
Let l be (4/(-5))/(6/(-45)). Let n(d) = 5*d**2 + d**2 + 0*d**2 + l*d**2. List the prime factors of n(1).
2, 3
Let h(d) = d**3 - 4*d**2 - 6*d + 5. Let r be h(5). Suppose -2*c = r, 4*c + 78 = -0*m + 3*m. List the prime factors of m - ((-9)/3 - 1).
2, 3, 5
Let l = -510 - -952. List the prime factors of l.
2, 13, 17
Suppose 0*d - d + 183 = 0. Let o = d + -97. What are the prime factors of o?
2, 43
Suppose -2*t = -5*p + 2041, -3*t = -p - 5*t + 401. What are the prime factors of p?
11, 37
Let r(i) = i + 1. Let p(x) = -5*x + 41. Let f(v) = p(v) + 6*r(v). List the prime factors of f(10).
3, 19
Let a be (-92)/(-2) + 12/3. Let o = -21 + a. List the prime factors of o.
29
Let g(n) = -n**3 + 2*n**2 + n - 35. What are the prime factors of g(-6)?
13, 19
Let j = 39 - -3. Suppose 9 = -l + j. List the prime factors of (2 - (3 + 1)) + l.
31
Let c be 3/2 - (-2)/4. Suppose r - 3*d = c*d + 77, -4*d = -3*r + 176. What are the prime factors of r?
2, 13
Suppose -g = 11*v - 15*v - 2004, 0 = -g - 2*v + 1986. List the prime factors of g.
2, 3, 83
Let f(m) = -m**3 - 11*m**2 + 9*m + 5. Let d be f(-12). Let z(w) = 2*w + d + w**3 + w - 32 - 8*w**2. List the prime factors of z(8).
3, 11
Let n(s) = s**3 + s**2 + 37. Let z be n(0). Suppose 0 = -2*f - 11 - z. List the prime factors of 14 + f/(-4) + -4.
2
Suppose 5*i - 7*s = -2*s + 40, 4*i - 24 = -4*s. Let f(t) = 3*t - t + i + 0 - 4 + 2*t**2. List the prime factors of f(-3).
3, 5
Suppose 140 = -5*q + 2*a, 0*a = -4*q + 3*a - 105. Let x = q + 32. List the prime factors of x.
2
Suppose 0*o = -6*o. What are the prime factors of (o + -2)*(-4)/(-20)*-115?
2, 23
Let t = -7 + 5. Let p be ((-4)/6)/(t/(-9)). What are the prime factors of (p/4)/(1/(-4))?
3
Let p(b) = 105*b - 13. Let a(q) = 26*q - 3. Let m(k) = 9*a(k) - 2*p(k). Let n be m(-1). List the prime factors of -3 + ((-4)/(-2) - n).
2, 3
Let q = 1615 + 308. List the prime factors of q.
3, 641
Let m = -591 + 1481. List the prime factors of m.
2, 5, 89
Suppose -7*l = -m - 4*l + 319, 6 = -3*l. Let j = m - 42. What are the prime factors of j?
271
Let l be (-1866)/(-8) + ((-45)/(-12))/5. Suppose 0 = 8*t - 2338 + l. List the prime factors of t.
263
Let g = 907 - 167. List the prime factors of g.
2, 5, 37
List the prime factors of (185 - 0) + ((-24)/4 - -6).
5, 37
Suppose -22 + 7 = -3*p. Suppose -p*m + 4*n = -335, m + 4*n - 91 = -0*n. Let y = m + -23. What are the prime factors of y?
2, 3
Suppose 2*q = q - 1. Let y(k) = -38*k**3 + k**2 + 2*k + 1. Let p be y(q). Suppose p + 47 = 5*i. What are the prime factors of i?
17
Let s be ((-1)/3)/(7/(-126)). Suppose 51 = -s*l + 153. Let w = 19 + l. List the prime factors of w.
2, 3
What are the prime factors of ((-6)/15)/((-13)/14105)?
2, 7, 31
Let r(f) = -f**2 + 7*f + 20. Let g be r(9). Let j = 10 - g. List the prime factors of j.
2
Let o be 1016/(-28) - (-2)/7. Suppose -5*j - 3*p = -288, 3*p + 68 = j + p. Let w = o + j. List the prime factors of w.
2, 3
Let o = -15 + 4. Let h(z) = z**3 + 12*z**2 + 11*z + 7. What are the prime factors of h(o)?
7
Suppose -2 = 4*g - 30. Let h = 7 - g. Suppose h = -4*w - p + 4*p + 39, -5*p - 25 = 0. What are the prime factors of w?
2, 3
Let a = 146 - 44. Let l = a + -61. What are the prime factors of l?
41
Let b(c) = 32*c + 235. What are the prime factors of b(32)?
1259
Suppose 0 = -7*i + 9*i - 4*s - 3070, 0 = -2*i + s + 3064. What are the prime factors of i?
1531
Suppose 18*v = 3575 + 9439. List the prime factors of v.
3, 241
Let f(o) = -568*o**3 + 569*o**3 - 7*o + 3*o**2 - o**2. What are the prime factors of f(4)?
2, 17
Suppose -3*j = -2*m - 0*j - 1125, 5*j = -5. List the prime factors of (-12)/42 - m/14.
2, 5
Let q be 3*-22*(-13)/26. Suppose -3*r + q + 24 = 0. What are the prime factors of r?
19
Suppose 21*w - 10*w - 33 = 0. List the prime factors of w.
3
Let v = 8 + -3. Suppose 586 = 4*o - 2*s, 8*s - 5*s + 733 = v*o. List the prime factors of o.
2, 73
Let a be 84/24 + (-2)/4. Suppose -2*l - a*o + 0*o + 265 = 0, 0 = -4*l - 2*o + 510. List the prime factors of l.
5
Let b(c) = c**2 - 4*c + 2. Let m be b(5).